{"id":1088,"date":"2016-06-04T14:25:46","date_gmt":"2016-06-04T13:25:46","guid":{"rendered":"https:\/\/www.stlo.unicaen.fr\/mmi\/?page_id=1088"},"modified":"2024-02-10T18:59:07","modified_gmt":"2024-02-10T17:59:07","slug":"programme","status":"publish","type":"page","link":"https:\/\/www.stlo.unicaen.fr\/mmi\/programme\/","title":{"rendered":"La formation"},"content":{"rendered":"<div id=\"pl-1088\"  class=\"panel-layout\" ><div id=\"pg-1088-0\"  class=\"panel-grid panel-has-style\" ><div class=\"siteorigin-panels-stretch panel-row-style panel-row-style-for-1088-0\" style=\"color: #ffffff;padding: 25px 0; \" data-stretch-type=\"full-stretched\" data-hascolor=\"hascolor\" data-overlay=\"true\" data-overlay-color=\"#000000\" ><div id=\"pgc-1088-0-0\"  class=\"panel-grid-cell\" ><div id=\"panel-1088-0-0-0\" class=\"so-panel widget widget_text panel-first-child\" data-index=\"0\" ><div style=\"text-align: center;\" data-title-color=\"#ffffff\" data-headings-color=\"#443f3f\" class=\"panel-widget-style panel-widget-style-for-1088-0-0-0\" ><h3 class=\"widget-title\">L&rsquo;objectif de la formation MMI : vous former aux m\u00e9tiers du web<\/h3>\t\t\t<div class=\"textwidget\"><p><strong><i>La seule formation publique postbac dans le domaine de la communication digitale et de l\u2019internet<\/i><\/strong><\/p>\n<\/div>\n\t\t<\/div><\/div><div id=\"panel-1088-0-0-1\" class=\"so-panel widget widget_sow-button\" data-index=\"1\" ><div style=\"text-align: left;\" data-title-color=\"#443f3f\" data-headings-color=\"#443f3f\" class=\"panel-widget-style panel-widget-style-for-1088-0-0-1\" ><div class=\"so-widget-sow-button so-widget-sow-button-atom-5c9de4d82cbc\"><div class=\"ow-button-base ow-button-align-center\">\n\t<a href=\"https:\/\/www.stlo.unicaen.fr\/mmitouch\/jpo\/\" class=\"ow-icon-placement-left ow-button-hover\" target=\"_blank\" rel=\"noopener noreferrer\" \t\t>\n\t\t<span>\n\t\t\t\n\t\t\tConsultez le programme de nos Journ\u00e9es Portes Ouvertes\t\t<\/span>\n\t<\/a>\n<\/div>\n<\/div><\/div><\/div><div id=\"panel-1088-0-0-2\" class=\"so-panel widget widget_text\" data-index=\"2\" ><div style=\"text-align: left;\" data-title-color=\"#443f3f\" data-headings-color=\"#443f3f\" class=\"panel-widget-style panel-widget-style-for-1088-0-0-2\" >\t\t\t<div class=\"textwidget\"><p>&nbsp;<\/p>\n<p>&nbsp;<\/p>\n<\/div>\n\t\t<\/div><\/div><div id=\"panel-1088-0-0-3\" class=\"so-panel widget widget_media_image\" data-index=\"3\" ><div style=\"text-align: center;\" data-title-color=\"#ffffff\" data-headings-color=\"#443f3f\" class=\"panel-widget-style panel-widget-style-for-1088-0-0-3\" ><h3 class=\"widget-title\">Le BUT MMI arrive en 2021 !<\/h3><img width=\"1024\" height=\"379\" src=\"https:\/\/www.stlo.unicaen.fr\/mmi\/wp-content\/uploads\/2020\/11\/Bannerbut-1024x379.png\" class=\"image wp-image-2230  attachment-large size-large\" alt=\"\" loading=\"lazy\" style=\"max-width: 100%; height: auto;\" title=\"Le BUT MMI arrive en 2021 !\" srcset=\"https:\/\/www.stlo.unicaen.fr\/mmi\/wp-content\/uploads\/2020\/11\/Bannerbut-1024x379.png 1024w, https:\/\/www.stlo.unicaen.fr\/mmi\/wp-content\/uploads\/2020\/11\/Bannerbut-300x111.png 300w, https:\/\/www.stlo.unicaen.fr\/mmi\/wp-content\/uploads\/2020\/11\/Bannerbut-768x284.png 768w, https:\/\/www.stlo.unicaen.fr\/mmi\/wp-content\/uploads\/2020\/11\/Bannerbut-1536x568.png 1536w, https:\/\/www.stlo.unicaen.fr\/mmi\/wp-content\/uploads\/2020\/11\/Bannerbut-2048x758.png 2048w, https:\/\/www.stlo.unicaen.fr\/mmi\/wp-content\/uploads\/2020\/11\/Bannerbut-830x307.png 830w, https:\/\/www.stlo.unicaen.fr\/mmi\/wp-content\/uploads\/2020\/11\/Bannerbut-230x85.png 230w, https:\/\/www.stlo.unicaen.fr\/mmi\/wp-content\/uploads\/2020\/11\/Bannerbut-350x130.png 350w, https:\/\/www.stlo.unicaen.fr\/mmi\/wp-content\/uploads\/2020\/11\/Bannerbut-480x178.png 480w\" sizes=\"(max-width: 1024px) 100vw, 1024px\" \/><\/div><\/div><div id=\"panel-1088-0-0-4\" class=\"so-panel widget widget_text panel-last-child\" data-index=\"4\" ><div style=\"text-align: center;\" data-title-color=\"#443f3f\" data-headings-color=\"#443f3f\" class=\"panel-widget-style panel-widget-style-for-1088-0-0-4\" >\t\t\t<div class=\"textwidget\"><p>Le programme du BUT MMI est consultable <a href=\"http:\/\/www.stlo.unicaen.fr\/mmi\/BUT_MMI.pdf\">ici<\/a>.<\/p>\n<\/div>\n\t\t<\/div><\/div><\/div><\/div><\/div><div id=\"pg-1088-1\"  class=\"panel-grid panel-has-style\" ><div class=\"siteorigin-panels-stretch panel-row-style panel-row-style-for-1088-1\" style=\"padding: 100px 0; \" data-stretch-type=\"full\" data-overlay=\"true\" data-overlay-color=\"#000000\" ><div id=\"pgc-1088-1-0\"  class=\"panel-grid-cell\" ><div id=\"panel-1088-1-0-0\" class=\"so-panel widget widget_media_image panel-first-child panel-last-child\" data-index=\"5\" ><div style=\"text-align: left;\" data-title-color=\"#443f3f\" data-headings-color=\"#443f3f\" class=\"panel-widget-style panel-widget-style-for-1088-1-0-0\" ><h3 class=\"widget-title\">Avant 2021: le DUT<\/h3><img width=\"571\" height=\"354\" src=\"https:\/\/www.stlo.unicaen.fr\/mmi\/wp-content\/uploads\/2020\/11\/AvantBUT.png\" class=\"image wp-image-2277  attachment-full size-full\" alt=\"\" loading=\"lazy\" style=\"max-width: 100%; height: auto;\" title=\"Avant 2021: le DUT\" srcset=\"https:\/\/www.stlo.unicaen.fr\/mmi\/wp-content\/uploads\/2020\/11\/AvantBUT.png 571w, https:\/\/www.stlo.unicaen.fr\/mmi\/wp-content\/uploads\/2020\/11\/AvantBUT-300x186.png 300w, https:\/\/www.stlo.unicaen.fr\/mmi\/wp-content\/uploads\/2020\/11\/AvantBUT-230x143.png 230w, https:\/\/www.stlo.unicaen.fr\/mmi\/wp-content\/uploads\/2020\/11\/AvantBUT-350x217.png 350w, https:\/\/www.stlo.unicaen.fr\/mmi\/wp-content\/uploads\/2020\/11\/AvantBUT-480x298.png 480w\" sizes=\"(max-width: 571px) 100vw, 571px\" \/><\/div><\/div><\/div><div id=\"pgc-1088-1-1\"  class=\"panel-grid-cell\" ><div id=\"panel-1088-1-1-0\" class=\"so-panel widget widget_media_image panel-first-child panel-last-child\" data-index=\"6\" ><div style=\"text-align: left;\" data-title-color=\"#443f3f\" data-headings-color=\"#443f3f\" class=\"panel-widget-style panel-widget-style-for-1088-1-1-0\" ><h3 class=\"widget-title\">en 2021 : le BUT<\/h3><img width=\"571\" height=\"371\" src=\"https:\/\/www.stlo.unicaen.fr\/mmi\/wp-content\/uploads\/2020\/11\/Apres.png\" class=\"image wp-image-2278  attachment-full size-full\" alt=\"\" loading=\"lazy\" style=\"max-width: 100%; height: auto;\" title=\"au BUT\" srcset=\"https:\/\/www.stlo.unicaen.fr\/mmi\/wp-content\/uploads\/2020\/11\/Apres.png 571w, https:\/\/www.stlo.unicaen.fr\/mmi\/wp-content\/uploads\/2020\/11\/Apres-300x195.png 300w, https:\/\/www.stlo.unicaen.fr\/mmi\/wp-content\/uploads\/2020\/11\/Apres-230x149.png 230w, https:\/\/www.stlo.unicaen.fr\/mmi\/wp-content\/uploads\/2020\/11\/Apres-350x227.png 350w, https:\/\/www.stlo.unicaen.fr\/mmi\/wp-content\/uploads\/2020\/11\/Apres-480x312.png 480w\" sizes=\"(max-width: 571px) 100vw, 571px\" \/><\/div><\/div><\/div><\/div><\/div><div id=\"pg-1088-2\"  class=\"panel-grid panel-has-style\" ><div class=\"siteorigin-panels-stretch panel-row-style panel-row-style-for-1088-2\" style=\"padding: 100px 0; \" data-stretch-type=\"full\" data-overlay=\"true\" data-overlay-color=\"#000000\" ><div id=\"pgc-1088-2-0\"  class=\"panel-grid-cell\" ><div id=\"panel-1088-2-0-0\" class=\"so-panel widget widget_sydney_video_widget sydney_video_widget_widget panel-first-child panel-last-child\" data-index=\"7\" ><div style=\"text-align: left;\" data-title-color=\"#443f3f\" data-headings-color=\"#443f3f\" class=\"panel-widget-style panel-widget-style-for-1088-2-0-0\" ><h3 class=\"widget-title\">Qu\u2019est-ce que le Bachelor Universitaire de Technologie ?<\/h3><div class=\"sydney-video vid-normal\"><div class=\"video-overlay\"><div class=\"sydney-video-inner\"><span class=\"close-popup\"><i class=\"fa fa-times\"><\/i><\/span><iframe title=\"Le Bachelor Universitaire de Technologie, qu&#039;est-ce que c&#039;est ? - LES IUT\" width=\"1170\" height=\"658\" src=\"https:\/\/www.youtube.com\/embed\/5xbeKHi0txk?feature=oembed\" frameborder=\"0\" allow=\"accelerometer; autoplay; clipboard-write; encrypted-media; gyroscope; picture-in-picture; web-share\" referrerpolicy=\"strict-origin-when-cross-origin\" allowfullscreen><\/iframe><\/div><\/div><div class=\"video-text\"><\/div><a href=\"#\" class=\"toggle-popup\"><i class=\"fa fa-play\"><\/i><\/a><\/div><\/div><\/div><\/div><\/div><\/div><div id=\"pg-1088-3\"  class=\"panel-grid panel-has-style\" ><div class=\"siteorigin-panels-stretch panel-row-style panel-row-style-for-1088-3\" style=\"color: #ffffff;padding: 25px 0; \" data-stretch-type=\"full-stretched\" data-hascolor=\"hascolor\" data-overlay=\"true\" data-overlay-color=\"#000000\" ><div id=\"pgc-1088-3-0\"  class=\"panel-grid-cell\" ><div id=\"panel-1088-3-0-0\" class=\"so-panel widget widget_sydney_facts sydney_facts_widget panel-first-child panel-last-child\" data-index=\"8\" ><div style=\"text-align: left;\" data-title-color=\"#ffffff\" data-headings-color=\"#443f3f\" class=\"panel-widget-style panel-widget-style-for-1088-3-0-0\" >\r\n\t\t<h3 class=\"widget-title\">La formation en chiffres<\/h3>\r\n\t\t\t\t<div class=\"col-md-3 col-sm-3\">\r\n\t\t\t<div class=\"roll-counter\">\r\n\t\t\t\t<i class=\"fa \"><\/i>\r\n\t\t\t\t<div class=\"name-count\">Semestres<\/div>\r\n\t\t\t\t<div class=\"numb-count\" data-from=\"0\" data-to=\"6\" data-speed=\"2000\" data-waypoint-active=\"yes\">6<\/div>\r\n\t\t\t<\/div>\r\n\t\t<\/div>\r\n\t\t\t\t\t\t<div class=\"col-md-3 col-sm-3\">\r\n\t\t\t<div class=\"roll-counter\">\r\n\t\t\t\t<i class=\"fa \"><\/i>\r\n\t\t\t\t<div class=\"name-count\">Heures d&#039;enseignement<\/div>\r\n\t\t\t\t<div class=\"numb-count\" data-from=\"0\" data-to=\"2000\" data-speed=\"2000\" data-waypoint-active=\"yes\">2000<\/div>\r\n\t\t\t<\/div>\r\n\t\t<\/div>\r\n\t\t\t\t\t\t<div class=\"col-md-3 col-sm-3\">\r\n\t\t\t<div class=\"roll-counter\">\r\n\t\t\t\t<i class=\"fa \"><\/i>\r\n\t\t\t\t<div class=\"name-count\">Heures de projet tuteur\u00e9<\/div>\r\n\t\t\t\t<div class=\"numb-count\" data-from=\"0\" data-to=\"600\" data-speed=\"2000\" data-waypoint-active=\"yes\">600<\/div>\r\n\t\t\t<\/div>\r\n\t\t<\/div>\r\n\t\t\t\t\t\t<div class=\"col-md-3 col-sm-3\">\r\n\t\t\t<div class=\"roll-counter\">\r\n\t\t\t\t<i class=\"fa \"><\/i>\r\n\t\t\t\t<div class=\"name-count\">Semaines de stage<\/div>\r\n\t\t\t\t<div class=\"numb-count\" data-from=\"0\" data-to=\"26\" data-speed=\"2000\" data-waypoint-active=\"yes\">26<\/div>\r\n\t\t\t<\/div>\r\n\t\t<\/div>\r\n\t\t\r\n\t<\/div><\/div><\/div><\/div><\/div><div id=\"pg-1088-4\"  class=\"panel-grid panel-has-style\" ><div class=\"siteorigin-panels-stretch panel-row-style panel-row-style-for-1088-4\" style=\"padding: 100px 0; \" data-stretch-type=\"full\" data-overlay=\"true\" data-overlay-color=\"#000000\" ><div id=\"pgc-1088-4-0\"  class=\"panel-grid-cell\" ><div id=\"panel-1088-4-0-0\" class=\"so-panel widget widget_text panel-first-child panel-last-child\" data-index=\"9\" ><div style=\"text-align: center;\" data-title-color=\"#000000\" data-headings-color=\"#443f3f\" class=\"panel-widget-style panel-widget-style-for-1088-4-0-0\" ><h3 class=\"widget-title\">Les parcours de sp\u00e9cialisation du BUT MMI<\/h3>\t\t\t<div class=\"textwidget\"><p><strong>En deuxi\u00e8me ann\u00e9e, les \u00e9tudiants choisissent un parcours parmi<\/strong><\/p>\n<\/div>\n\t\t<\/div><\/div><\/div><\/div><\/div><div id=\"pg-1088-5\"  class=\"panel-grid panel-has-style\" ><div class=\"siteorigin-panels-stretch panel-row-style panel-row-style-for-1088-5\" style=\"padding: 10px 0; \" data-stretch-type=\"full-stretched\" data-overlay=\"true\" data-overlay-color=\"#000000\" ><div id=\"pgc-1088-5-0\"  class=\"panel-grid-cell\" ><div id=\"panel-1088-5-0-0\" class=\"so-panel widget widget_sow-editor panel-first-child panel-last-child\" data-index=\"10\" ><div style=\"text-align: left;\" data-title-color=\"#443f3f\" data-headings-color=\"#443f3f\" class=\"panel-widget-style panel-widget-style-for-1088-5-0-0\" ><div class=\"so-widget-sow-editor so-widget-sow-editor-base\">\n<div class=\"siteorigin-widget-tinymce textwidget\">\n\t<h5 style=\"text-align: center;\"><img loading=\"lazy\" class=\"alignnone size-medium wp-image-1298\" src=\"https:\/\/www.stlo.unicaen.fr\/mmi\/wp-content\/uploads\/2016\/06\/introduction-methodes-agiles-300x160.jpg\" alt=\"introduction-methodes-agiles\" width=\"300\" height=\"160\" srcset=\"https:\/\/www.stlo.unicaen.fr\/mmi\/wp-content\/uploads\/2016\/06\/introduction-methodes-agiles-300x160.jpg 300w, https:\/\/www.stlo.unicaen.fr\/mmi\/wp-content\/uploads\/2016\/06\/introduction-methodes-agiles-230x122.jpg 230w, https:\/\/www.stlo.unicaen.fr\/mmi\/wp-content\/uploads\/2016\/06\/introduction-methodes-agiles-350x186.jpg 350w, https:\/\/www.stlo.unicaen.fr\/mmi\/wp-content\/uploads\/2016\/06\/introduction-methodes-agiles-480x255.jpg 480w, https:\/\/www.stlo.unicaen.fr\/mmi\/wp-content\/uploads\/2016\/06\/introduction-methodes-agiles.jpg 600w\" sizes=\"(max-width: 300px) 100vw, 300px\" \/><\/h5>\n<div class=\"page\" title=\"Page 3\">\n<div class=\"layoutArea\">\n<h5 class=\"column\" style=\"text-align: center;\"><strong>Communication nume\u0301rique et design d\u2019expe\u0301rience<\/strong><\/h5>\n<\/div>\n<\/div>\n<p style=\"text-align: center;\">Gestion de projet, th\u00e9ories de l\u2019information et de la communication, initiation au marketing et webmarketing, droit et \u00e9conomie des m\u00e9dias, expression \u00e9crite et orale, UX Design, r\u00e9daction web, community management, SEO<\/p>\n<p style=\"text-align: center;\"><span style=\"color: #ff0000;\"><strong>Ce parcours n'est pas propos\u00e9 \u00e0 Saint-L\u00f4.<\/strong><\/span><\/p>\n<\/div>\n<\/div><\/div><\/div><\/div><div id=\"pgc-1088-5-1\"  class=\"panel-grid-cell\" ><div id=\"panel-1088-5-1-0\" class=\"so-panel widget widget_sow-editor panel-first-child panel-last-child\" data-index=\"11\" ><div style=\"text-align: left;\" data-title-color=\"#443f3f\" data-headings-color=\"#443f3f\" class=\"panel-widget-style panel-widget-style-for-1088-5-1-0\" ><div class=\"so-widget-sow-editor so-widget-sow-editor-base\">\n<div class=\"siteorigin-widget-tinymce textwidget\">\n\t<p><img loading=\"lazy\" class=\"wp-image-1300 size-medium aligncenter\" src=\"https:\/\/www.stlo.unicaen.fr\/mmi\/wp-content\/uploads\/2016\/06\/dev-web-300x199.jpg\" width=\"300\" height=\"199\" srcset=\"https:\/\/www.stlo.unicaen.fr\/mmi\/wp-content\/uploads\/2016\/06\/dev-web-300x199.jpg 300w, https:\/\/www.stlo.unicaen.fr\/mmi\/wp-content\/uploads\/2016\/06\/dev-web-230x153.jpg 230w, https:\/\/www.stlo.unicaen.fr\/mmi\/wp-content\/uploads\/2016\/06\/dev-web-350x232.jpg 350w, https:\/\/www.stlo.unicaen.fr\/mmi\/wp-content\/uploads\/2016\/06\/dev-web-480x318.jpg 480w, https:\/\/www.stlo.unicaen.fr\/mmi\/wp-content\/uploads\/2016\/06\/dev-web.jpg 600w\" sizes=\"(max-width: 300px) 100vw, 300px\" \/><\/p>\n<h5 style=\"text-align: center;\">D\u00e9veloppement Web et dispositifs interactifs<\/h5>\n<p style=\"text-align: center;\">Algorithmique et Programmation, Int\u00e9gration et d\u00e9veloppement web (HTML,\u00a0CSS, JavaScript, Php, Mysql), programmation orient\u00e9e objet et mobile (Java, Android), r\u00e9seaux, syst\u00e8mes d'exploitation, bases de donn\u00e9es.<\/p>\n<p style=\"text-align: center;\">\n<iframe width=\"300\" height=\"250\" src=\"https:\/\/webtv.normandie-univ.fr\/permalink\/v126194e3bd1aott37ss\/iframe\/\" allowfullscreen=\"allowfullscreen\" allow=\"autoplay\"><\/iframe><\/p>\n<\/div>\n<\/div><\/div><\/div><\/div><div id=\"pgc-1088-5-2\"  class=\"panel-grid-cell\" ><div id=\"panel-1088-5-2-0\" class=\"so-panel widget widget_sow-editor panel-first-child panel-last-child\" data-index=\"12\" ><div style=\"text-align: left;\" data-title-color=\"#443f3f\" data-headings-color=\"#443f3f\" class=\"panel-widget-style panel-widget-style-for-1088-5-2-0\" ><div class=\"so-widget-sow-editor so-widget-sow-editor-base\">\n<div class=\"siteorigin-widget-tinymce textwidget\">\n\t<h5 style=\"text-align: center;\"><img loading=\"lazy\" class=\"alignnone wp-image-1065 size-medium\" src=\"https:\/\/www.stlo.unicaen.fr\/mmi\/wp-content\/uploads\/2016\/06\/mmiSlider2-300x169.png\" width=\"300\" height=\"169\" srcset=\"https:\/\/www.stlo.unicaen.fr\/mmi\/wp-content\/uploads\/2016\/06\/mmiSlider2-300x169.png 300w, https:\/\/www.stlo.unicaen.fr\/mmi\/wp-content\/uploads\/2016\/06\/mmiSlider2-768x432.png 768w, https:\/\/www.stlo.unicaen.fr\/mmi\/wp-content\/uploads\/2016\/06\/mmiSlider2-1024x576.png 1024w, https:\/\/www.stlo.unicaen.fr\/mmi\/wp-content\/uploads\/2016\/06\/mmiSlider2-830x467.png 830w, https:\/\/www.stlo.unicaen.fr\/mmi\/wp-content\/uploads\/2016\/06\/mmiSlider2-230x129.png 230w, https:\/\/www.stlo.unicaen.fr\/mmi\/wp-content\/uploads\/2016\/06\/mmiSlider2-350x197.png 350w, https:\/\/www.stlo.unicaen.fr\/mmi\/wp-content\/uploads\/2016\/06\/mmiSlider2.png 1600w\" sizes=\"(max-width: 300px) 100vw, 300px\" \/><\/h5>\n<h5 style=\"text-align: center;\">Cre\u0301ation nume\u0301rique<\/h5>\n<p style=\"text-align: center;\">Infographie, graphisme, Web\/UI design, \u00a0esth\u00e9tique et expression artistique, production audiovisuelle, analyse filmique.<\/p>\n<p style=\"text-align: center;\"><iframe src=\"https:\/\/webtv.normandie-univ.fr\/permalink\/v126194d6aee3ms3hr3k\/iframe\/\" width=\"300\" height=\"250\" allowfullscreen=\"allowfullscreen\"><\/iframe><\/p>\n<\/div>\n<\/div><\/div><\/div><\/div><\/div><\/div><div id=\"pg-1088-6\"  class=\"panel-grid panel-has-style\" ><div class=\"siteorigin-panels-stretch panel-row-style panel-row-style-for-1088-6\" style=\"padding: 100px 0; \" data-stretch-type=\"full\" data-overlay=\"true\" data-overlay-color=\"#000000\" ><div id=\"pgc-1088-6-0\"  class=\"panel-grid-cell\" ><div id=\"panel-1088-6-0-0\" class=\"so-panel widget widget_text panel-first-child panel-last-child\" data-index=\"13\" ><div style=\"text-align: left;\" data-title-color=\"#ffffff\" data-headings-color=\"#443f3f\" class=\"panel-widget-style panel-widget-style-for-1088-6-0-0\" ><h3 class=\"widget-title\">Le socle de comp\u00e9tences MMI<\/h3>\t\t\t<div class=\"textwidget\"><p>Le BUT MMI est compos\u00e9 d&rsquo;un socle commun de comp\u00e9tences sur trois ann\u00e9es :<br \/>\n&#8211; Comprendre les e\u0301cosyste\u0300mes, les besoins des utilisateurs, et les dispositifs de communication nume\u0301rique<br \/>\n\u200b- Concevoir ou co-concevoir une re\u0301ponse strate\u0301gique pertinente a\u0300 une proble\u0301matique complexe<br \/>\n&#8211; Exprimer un message avec les me\u0301dias nume\u0301riques pour informer et communiquer<br \/>\n&#8211; De\u0301velopper pour le web et les me\u0301dias nume\u0301riques<br \/>\n&#8211; Entreprendre dans le secteur du nume\u0301rique<\/p>\n<\/div>\n\t\t<\/div><\/div><\/div><div id=\"pgc-1088-6-1\"  class=\"panel-grid-cell\" ><div id=\"panel-1088-6-1-0\" class=\"so-panel widget widget_media_image panel-first-child panel-last-child\" data-index=\"14\" ><div style=\"text-align: center;\" data-title-color=\"#ffffff\" data-headings-color=\"#443f3f\" class=\"panel-widget-style panel-widget-style-for-1088-6-1-0\" ><h3 class=\"widget-title\">Plaquette nationale du BUT MMI<\/h3><a href=\"https:\/\/www.stlo.unicaen.fr\/mmi\/wp-content\/uploads\/2021\/01\/plaquette-BUT-MMIBAT-Web.pdf\"><img width=\"214\" height=\"300\" src=\"https:\/\/www.stlo.unicaen.fr\/mmi\/wp-content\/uploads\/2021\/01\/PlaquetteBUTMMI-214x300.png\" class=\"image wp-image-2336  attachment-medium size-medium\" alt=\"\" loading=\"lazy\" style=\"max-width: 100%; height: auto;\" srcset=\"https:\/\/www.stlo.unicaen.fr\/mmi\/wp-content\/uploads\/2021\/01\/PlaquetteBUTMMI-214x300.png 214w, https:\/\/www.stlo.unicaen.fr\/mmi\/wp-content\/uploads\/2021\/01\/PlaquetteBUTMMI-732x1024.png 732w, https:\/\/www.stlo.unicaen.fr\/mmi\/wp-content\/uploads\/2021\/01\/PlaquetteBUTMMI-768x1075.png 768w, https:\/\/www.stlo.unicaen.fr\/mmi\/wp-content\/uploads\/2021\/01\/PlaquetteBUTMMI-830x1161.png 830w, https:\/\/www.stlo.unicaen.fr\/mmi\/wp-content\/uploads\/2021\/01\/PlaquetteBUTMMI-230x322.png 230w, https:\/\/www.stlo.unicaen.fr\/mmi\/wp-content\/uploads\/2021\/01\/PlaquetteBUTMMI-350x490.png 350w, https:\/\/www.stlo.unicaen.fr\/mmi\/wp-content\/uploads\/2021\/01\/PlaquetteBUTMMI-480x672.png 480w, https:\/\/www.stlo.unicaen.fr\/mmi\/wp-content\/uploads\/2021\/01\/PlaquetteBUTMMI.png 972w\" sizes=\"(max-width: 214px) 100vw, 214px\" \/><\/a><\/div><\/div><\/div><\/div><\/div><div id=\"pg-1088-7\"  class=\"panel-grid panel-has-style\" ><div style=\"padding: 100px 0; \" data-overlay=\"true\" data-overlay-color=\"#000000\" class=\"panel-row-style panel-row-style-for-1088-7\" ><div id=\"pgc-1088-7-0\"  class=\"panel-grid-cell\" ><div id=\"panel-1088-7-0-0\" class=\"so-panel widget widget_text panel-first-child panel-last-child\" data-index=\"15\" ><div style=\"text-align: left;\" data-title-color=\"#000000\" data-headings-color=\"#443f3f\" class=\"panel-widget-style panel-widget-style-for-1088-7-0-0\" ><h3 class=\"widget-title\">Les parcours de sp\u00e9cialisation du BUT MMI propos\u00e9s \u00e0 Saint-L\u00f4<\/h3>\t\t\t<div class=\"textwidget\"><p>Deux parcours de sp\u00e9cialisation sont propos\u00e9s sur les deux derni\u00e8res ann\u00e9es du BUT MMI \u00e0 Saint-L\u00f4 :<\/p>\n<ul>\n<li>Parcours Cre\u0301ation nume\u0301rique\n<ul>\n<li>Ce parcours pr\u00e9pare aux me\u0301tiers de directeur artistique, web\/UI designer, motion designer, re\u0301alisateur, infographiste, game designer&#8230;<\/li>\n<\/ul>\n<\/li>\n<li>Parcours De\u0301veloppement web et dispositifs interactifs\n<ul>\n<li>Ce parcours pr\u00e9pare aux me\u0301tiers de de\u0301veloppeur back, de\u0301veloppeur front, de\u0301veloppeur full stack, devops&#8230;<\/li>\n<\/ul>\n<\/li>\n<\/ul>\n<\/div>\n\t\t<\/div><\/div><\/div><div id=\"pgc-1088-7-1\"  class=\"panel-grid-cell\" ><div id=\"panel-1088-7-1-0\" class=\"so-panel widget widget_media_image panel-first-child panel-last-child\" data-index=\"16\" ><div style=\"text-align: center;\" data-title-color=\"#ffffff\" data-headings-color=\"#443f3f\" class=\"panel-widget-style panel-widget-style-for-1088-7-1-0\" ><h3 class=\"widget-title\">Plaquette UNICAEN du BUT MMI<\/h3><a href=\"https:\/\/www.stlo.unicaen.fr\/mmi\/wp-content\/uploads\/2021\/07\/BUT_MMI_saint_lo_2021_web.pdf\"><img width=\"200\" height=\"300\" src=\"https:\/\/www.stlo.unicaen.fr\/mmi\/wp-content\/uploads\/2021\/07\/PlaquetteUNICAENMMI-200x300.png\" class=\"image wp-image-2389  attachment-medium size-medium\" alt=\"\" loading=\"lazy\" style=\"max-width: 100%; height: auto;\" srcset=\"https:\/\/www.stlo.unicaen.fr\/mmi\/wp-content\/uploads\/2021\/07\/PlaquetteUNICAENMMI-200x300.png 200w, https:\/\/www.stlo.unicaen.fr\/mmi\/wp-content\/uploads\/2021\/07\/PlaquetteUNICAENMMI-684x1024.png 684w, https:\/\/www.stlo.unicaen.fr\/mmi\/wp-content\/uploads\/2021\/07\/PlaquetteUNICAENMMI-768x1150.png 768w, https:\/\/www.stlo.unicaen.fr\/mmi\/wp-content\/uploads\/2021\/07\/PlaquetteUNICAENMMI-1026x1536.png 1026w, https:\/\/www.stlo.unicaen.fr\/mmi\/wp-content\/uploads\/2021\/07\/PlaquetteUNICAENMMI-830x1243.png 830w, https:\/\/www.stlo.unicaen.fr\/mmi\/wp-content\/uploads\/2021\/07\/PlaquetteUNICAENMMI-230x344.png 230w, https:\/\/www.stlo.unicaen.fr\/mmi\/wp-content\/uploads\/2021\/07\/PlaquetteUNICAENMMI-350x524.png 350w, https:\/\/www.stlo.unicaen.fr\/mmi\/wp-content\/uploads\/2021\/07\/PlaquetteUNICAENMMI-480x719.png 480w, https:\/\/www.stlo.unicaen.fr\/mmi\/wp-content\/uploads\/2021\/07\/PlaquetteUNICAENMMI.png 1086w\" sizes=\"(max-width: 200px) 100vw, 200px\" \/><\/a><\/div><\/div><\/div><\/div><\/div><\/div>","protected":false},"excerpt":{"rendered":"<p>La seule formation publique postbac dans le domaine de la communication digitale et de l\u2019internet &nbsp; &nbsp; Le programme du BUT MMI est consultable ici.<\/p>\n","protected":false},"author":1,"featured_media":0,"parent":0,"menu_order":0,"comment_status":"closed","ping_status":"closed","template":"page-templates\/page_fullwidth.php","meta":[],"_links":{"self":[{"href":"https:\/\/www.stlo.unicaen.fr\/mmi\/wp-json\/wp\/v2\/pages\/1088"}],"collection":[{"href":"https:\/\/www.stlo.unicaen.fr\/mmi\/wp-json\/wp\/v2\/pages"}],"about":[{"href":"https:\/\/www.stlo.unicaen.fr\/mmi\/wp-json\/wp\/v2\/types\/page"}],"author":[{"embeddable":true,"href":"https:\/\/www.stlo.unicaen.fr\/mmi\/wp-json\/wp\/v2\/users\/1"}],"replies":[{"embeddable":true,"href":"https:\/\/www.stlo.unicaen.fr\/mmi\/wp-json\/wp\/v2\/comments?post=1088"}],"version-history":[{"count":203,"href":"https:\/\/www.stlo.unicaen.fr\/mmi\/wp-json\/wp\/v2\/pages\/1088\/revisions"}],"predecessor-version":[{"id":2502,"href":"https:\/\/www.stlo.unicaen.fr\/mmi\/wp-json\/wp\/v2\/pages\/1088\/revisions\/2502"}],"wp:attachment":[{"href":"https:\/\/www.stlo.unicaen.fr\/mmi\/wp-json\/wp\/v2\/media?parent=1088"}],"curies":[{"name":"wp","href":"https:\/\/api.w.org\/{rel}","templated":true}]}}