{"id":1096,"date":"2016-06-04T14:26:25","date_gmt":"2016-06-04T13:26:25","guid":{"rendered":"https:\/\/www.stlo.unicaen.fr\/mmi\/?page_id=1096"},"modified":"2023-12-12T12:30:15","modified_gmt":"2023-12-12T11:30:15","slug":"linternational","status":"publish","type":"page","link":"https:\/\/www.stlo.unicaen.fr\/mmi\/linternational\/","title":{"rendered":"L&rsquo;international"},"content":{"rendered":"<div id=\"pl-1096\"  class=\"panel-layout\" ><div id=\"pg-1096-0\"  class=\"panel-grid panel-has-style\" ><div class=\"siteorigin-panels-stretch panel-row-style panel-row-style-for-1096-0\" style=\"color: #ffffff;padding: 15px 0; \" data-stretch-type=\"full-stretched\" data-hascolor=\"hascolor\" data-overlay=\"true\" ><div id=\"pgc-1096-0-0\"  class=\"panel-grid-cell\" ><div id=\"panel-1096-0-0-0\" class=\"so-panel widget widget_text panel-first-child panel-last-child\" data-index=\"0\" ><div class=\"panel-widget-style panel-widget-style-for-1096-0-0-0\" ><h3 class=\"widget-title\">Effectuer ses \u00e9tudes \u00e0 l&rsquo;\u00e9tranger<\/h3>\t\t\t<div class=\"textwidget\"><\/div>\n\t\t<\/div><\/div><\/div><\/div><\/div><div id=\"pg-1096-1\"  class=\"panel-grid panel-has-style\" ><div class=\"siteorigin-panels-stretch panel-row-style panel-row-style-for-1096-1\" style=\"background-image: url(https:\/\/www.stlo.unicaen.fr\/mmi\/wp-content\/uploads\/2016\/06\/cegepMatane.jpg);padding: 15px 0; \" data-stretch-type=\"full-stretched\" data-hasbg=\"hasbg\" data-overlay=\"true\" ><div id=\"pgc-1096-1-0\"  class=\"panel-grid-cell\" ><div id=\"panel-1096-1-0-0\" class=\"so-panel widget widget_siteorigin-panels-builder panel-first-child panel-last-child\" data-index=\"1\" ><div style=\"text-align: left;\" data-title-color=\"#443f3f\" data-headings-color=\"#443f3f\" class=\"panel-widget-style panel-widget-style-for-1096-1-0-0\" ><div id=\"pl-w657844475c587\"  class=\"panel-layout\" ><div id=\"pg-w657844475c587-0\"  class=\"panel-grid panel-has-style\" ><div class=\"siteorigin-panels-stretch panel-row-style panel-row-style-for-w657844475c587-0\" style=\"color: #ffffff;padding: 0px 0; \" data-stretch-type=\"full-stretched\" data-hascolor=\"hascolor\" data-overlay=\"true\" ><div id=\"pgc-w657844475c587-0-0\"  class=\"panel-grid-cell\" ><div id=\"panel-w657844475c587-0-0-0\" class=\"so-panel widget widget_sow-editor panel-first-child panel-last-child\" data-index=\"0\" ><div style=\"text-align: left;\" data-title-color=\"#ffffff\" data-headings-color=\"#443f3f\" class=\"panel-widget-style panel-widget-style-for-w657844475c587-0-0-0\" ><div class=\"so-widget-sow-editor so-widget-sow-editor-base\"><h3 class=\"widget-title\">Semestre 3 - Partir au Qu\u00e9bec<\/h3>\n<div class=\"siteorigin-widget-tinymce textwidget\">\n\t<p>Le d\u00e9partement MMI a d\u00e9velopp\u00e9 depuis 2008 un partenariat avec le C\u00e9gep de Matane, ville situ\u00e9e au Canada dans la province de Qu\u00e9bec.<\/p>\n<p><img loading=\"lazy\" class=\"size-full wp-image-1795 alignleft\" src=\"https:\/\/www.stlo.unicaen.fr\/mmi\/wp-content\/uploads\/2016\/06\/icon_canada-150x150.png\" alt=\"\" width=\"150\" height=\"150\" \/>Cette convention permet chaque ann\u00e9e \u00e0 un nombre d\u2019\u00e9tudiants variable (de 1 \u00e0 6 \u00e9tudiants), de terminer leur formation \u00e0 l\u2019\u00e9tranger en y effectuant tout leur quatri\u00e8me semestre, comportant des cours et une p\u00e9riode de stage.\u00a0Sur place vous int\u00e9grerez la sp\u00e9cialit\u00e9 \" Techniques d'int\u00e9gration multim\u00e9dia\" et vous r\u00e9aliserez un projet innovant en groupe avec les \u00e9tudiants qu\u00e9b\u00e9cois.\u00a0Cet \u00e9change est l\u2019opportunit\u00e9 de d\u00e9couvrir un nouveau pays avec sa culture et une nouvelle fa\u00e7on d\u2019\u00e9tudier.<\/p>\n<\/div>\n<\/div><\/div><\/div><\/div><div id=\"pgc-w657844475c587-0-1\"  class=\"panel-grid-cell\" ><div id=\"panel-w657844475c587-0-1-0\" class=\"so-panel widget widget_sow-editor panel-first-child panel-last-child\" data-index=\"1\" ><div style=\"text-align: left;\" data-title-color=\"#ffffff\" data-headings-color=\"#ffffff\" class=\"panel-widget-style panel-widget-style-for-w657844475c587-0-1-0\" ><div class=\"so-widget-sow-editor so-widget-sow-editor-base\">\n<div class=\"siteorigin-widget-tinymce textwidget\">\n\t<h4><span style=\"color: #ffffff;\">Lucas Rossolini - 2014<\/span><\/h4>\n<p><span style=\"color: #808080;\"><strong>\"Ce que je peux dire de mon s\u00e9jour au Canada c'est que \u00e7a a \u00e9t\u00e9 une formidable exp\u00e9rience \u00e0 la fois humaine et professionnelle. J'ai eu l'occasion de rencontrer des personnes exceptionnelles aussi bien au CEGEP que pendant mon stage. J'ai gagn\u00e9 beaucoup en maturit\u00e9 et en confiance en moi.\"<\/strong><\/span><\/p>\n<h4><span style=\"color: #ffffff;\">Quentin\u00a0Couillard - 2014<\/span><\/h4>\n<p><span style=\"color: #808080;\"><strong>\"C'\u00e9tait juste g\u00e9nial. Les gens sont super sympas et les paysages magnifiques. Apr\u00e8s il faut vraiment y aller pour se rendre compte de tout. Il serait dur d'en retenir un moment pr\u00e9cis. De l'arriv\u00e9e au retour je retiendrai surtout l'ambiance au C\u00e9gep.\"<\/strong><\/span><\/p>\n<hr \/>\n<p>Consultez des blogs d'\u00e9tudiants pour vous faire une id\u00e9e :\u00a0<a href=\"https:\/\/olivierlevalloisquebec.wordpress.com\" target=\"_blank\" rel=\"noopener\">un premier<\/a>\u00a0et\u00a0<a href=\"http:\/\/cousinmanchois.blogspot.fr\" target=\"_blank\" rel=\"noopener\">un second<\/a>.<\/p>\n<\/div>\n<\/div><\/div><\/div><\/div><\/div><\/div><div id=\"pg-w657844475c587-1\"  class=\"panel-grid panel-has-style\" ><div style=\"padding: 100px 0; \" data-overlay=\"true\" class=\"panel-row-style panel-row-style-for-w657844475c587-1\" ><div id=\"pgc-w657844475c587-1-0\"  class=\"panel-grid-cell\" ><div id=\"panel-w657844475c587-1-0-0\" class=\"so-panel widget widget_text panel-first-child panel-last-child\" data-index=\"2\" >\t\t\t<div class=\"textwidget\"><iframe src=\"https:\/\/www.youtube.com\/embed\/HS3XBB72ldQ\" frameborder=\"0\" allowfullscreen><\/iframe><\/div>\n\t\t<\/div><\/div><\/div><\/div><\/div><\/div><\/div><\/div><\/div><\/div><div id=\"pg-1096-2\"  class=\"panel-grid panel-has-style\" ><div style=\"padding: 100px 0; \" data-overlay=\"true\" class=\"panel-row-style panel-row-style-for-1096-2\" ><div id=\"pgc-1096-2-0\"  class=\"panel-grid-cell\" ><div id=\"panel-1096-2-0-0\" class=\"so-panel widget widget_text panel-first-child panel-last-child\" data-index=\"2\" ><div style=\"text-align: left;\" data-title-color=\"#443f3f\" data-headings-color=\"#443f3f\" class=\"panel-widget-style panel-widget-style-for-1096-2-0-0\" ><h3 class=\"widget-title\">Vous pouvez \u00e9galement faire votre stage de DUT \u00e0 l&rsquo;\u00e9tranger !<\/h3>\t\t\t<div class=\"textwidget\">Voici quelques pays o\u00f9 ont \u00e9t\u00e9 effectu\u00e9s des stages MMI.\n <div id=\"visualizer-1781-1537194658\"class=\"visualizer-front  visualizer-front-1781\"><\/div><!-- Not showing structured data for chart 1781 because title is empty --> <\/div>\n\t\t<\/div><\/div><\/div><\/div><\/div><div id=\"pg-1096-3\"  class=\"panel-grid panel-has-style\" ><div class=\"siteorigin-panels-stretch panel-row-style panel-row-style-for-1096-3\" style=\"color: #ffffff;background-image: url(https:\/\/www.stlo.unicaen.fr\/mmi\/wp-content\/uploads\/2016\/06\/letterkenny-lyit.jpg);padding: 100px 0; \" data-stretch-type=\"full-stretched\" data-hascolor=\"hascolor\" data-hasbg=\"hasbg\" data-overlay=\"true\" ><div id=\"pgc-1096-3-0\"  class=\"panel-grid-cell\" ><div id=\"panel-1096-3-0-0\" class=\"so-panel widget widget_sow-editor panel-first-child panel-last-child\" data-index=\"3\" ><div style=\"text-align: left;\" data-title-color=\"#ffffff\" data-headings-color=\"#443f3f\" class=\"panel-widget-style panel-widget-style-for-1096-3-0-0\" ><div class=\"so-widget-sow-editor so-widget-sow-editor-base\"><h3 class=\"widget-title\">Apr\u00e8s le DUT - Faire un DUETE<\/h3>\n<div class=\"siteorigin-widget-tinymce textwidget\">\n\t<p>Le Dipl\u00f4me Universitaire d\u2019\u00c9tudes Technologiques \u00e0 l'Etranger\u00a0\u00a0permet aux \u00e9tudiants titulaires d\u2019un DUT de vivre une exp\u00e9rience dipl\u00f4mante \u00e0 l\u2019\u00e9tranger. Ce dipl\u00f4me, bien que reconnu nationalement, n\u2019est pas \u00e9quivalent \u00e0 un bac + 3.\u00a0<\/p>\n<p><img loading=\"lazy\" class=\"size-full wp-image-1785 alignleft\" src=\"https:\/\/www.stlo.unicaen.fr\/mmi\/wp-content\/uploads\/2016\/06\/st-patricks-day-clover-icon.png\" alt=\"st-patricks-day-clover-icon\" width=\"128\" height=\"128\" \/>Dans ce cadre, apr\u00e8s\u00a0le DUT MMI il est possible de partir en Irlande faire une licence \u00a0\u00ab Design-Visual Communication \u00bb.\u00a0Le d\u00e9partement MMI propose \u00e0 ses \u00e9tudiants de partir \u00e0 Letterkenny, au Nord de l\u2019Irlande, au LYIT (Letterkenny Institute of Technology, \u00e9quivalent d\u2019un IUT en Irlande) ou \u00e0 Wexford au sud de l\u2019Irlande (\u00e0 l\u2019IT de Carlow).<\/p>\n<p>Ces s\u00e9jours se font dans le cadre d'ERASMUS +. \u00a0D\u2019autres destinations sont possibles selon le projet de l\u2019\u00e9tudiant.<\/p>\n<\/div>\n<\/div><\/div><\/div><\/div><div id=\"pgc-1096-3-1\"  class=\"panel-grid-cell\" ><div id=\"panel-1096-3-1-0\" class=\"so-panel widget widget_sow-editor panel-first-child panel-last-child\" data-index=\"4\" ><div style=\"text-align: left;\" data-title-color=\"#ffffff\" data-headings-color=\"#ffffff\" class=\"panel-widget-style panel-widget-style-for-1096-3-1-0\" ><div class=\"so-widget-sow-editor so-widget-sow-editor-base\">\n<div class=\"siteorigin-widget-tinymce textwidget\">\n\t<h4><span style=\"color: #ffffff;\">Audrey Harant\u00a0- 2014<\/span><\/h4>\n<p><span style=\"color: #808080;\"><strong>\"Erasmus est vraiment une bonne experience a faire, beaucoup de fun et de rencontres tout en etudiant quelque chose qui me plait, c'est parfait ! ;)\"<\/strong><\/span><\/p>\n<h4><span style=\"color: #ffffff;\">Maxime\u00a0Padot - 2014<\/span><\/h4>\n<p><strong><span style=\"color: #808080;\">\"Je suis vraiment satisfait, c'est une bonne exp\u00e9rience, qui a apais\u00e9 mes craintes sur le fait d'\u00eatre \u00e0 l'\u00e9tranger quand on a du mal \u00e0 parler la langue locale, j'ai eu vraiment un bon accueil, donc je ne suis pas d\u00e9\u00e7u. Les professeurs sont en g\u00e9n\u00e9ral assez compr\u00e9hensifs et essaient au mieux de s'adapter \u00e0 nous.\"<\/span><\/strong><\/p>\n<hr \/>\n<p>Consultez des blogs d'\u00e9tudiants pour vous faire une id\u00e9e :\u00a0<a href=\"http:\/\/treflenormand.blogspot.fr\" target=\"_blank\" rel=\"noopener\">un premier<\/a>\u00a0et\u00a0<a href=\"https:\/\/whatsthecraicletterkenny.wordpress.com\" target=\"_blank\" rel=\"noopener\">un second<\/a>.<\/p>\n<\/div>\n<\/div><\/div><\/div><\/div><\/div><\/div><div id=\"pg-1096-4\"  class=\"panel-grid panel-has-style\" ><div style=\"padding: 100px 0; \" data-overlay=\"true\" class=\"panel-row-style panel-row-style-for-1096-4\" ><div id=\"pgc-1096-4-0\"  class=\"panel-grid-cell\" ><div id=\"panel-1096-4-0-0\" class=\"widget_text so-panel widget widget_custom_html panel-first-child panel-last-child\" data-index=\"5\" ><div style=\"text-align: left;\" data-title-color=\"#443f3f\" data-headings-color=\"#443f3f\" class=\"widget_text panel-widget-style panel-widget-style-for-1096-4-0-0\" ><h3 class=\"widget-title\">Vid\u00e9o de promotion des s\u00e9jours \u00e0 l&rsquo;\u00e9tranger<\/h3><div class=\"textwidget custom-html-widget\"><iframe width=\"560\" height=\"315\" src=\"https:\/\/www.youtube.com\/embed\/54j6CU_mD0E\" frameborder=\"0\" allowfullscreen><\/iframe><\/div><\/div><\/div><\/div><\/div><\/div><\/div>","protected":false},"excerpt":{"rendered":"<p>Effectuer ses \u00e9tudes \u00e0 l&rsquo;\u00e9tranger Semestre 3 &#8211; Partir au Qu\u00e9bec Le d\u00e9partement MMI a d\u00e9velopp\u00e9 depuis 2008 un partenariat avec le C\u00e9gep de Matane, ville situ\u00e9e au Canada dans la province de Qu\u00e9bec. Cette convention permet chaque ann\u00e9e \u00e0 un nombre d\u2019\u00e9tudiants variable (de 1 \u00e0 6 \u00e9tudiants), de terminer leur formation \u00e0 l\u2019\u00e9tranger [&hellip;]<\/p>\n","protected":false},"author":1,"featured_media":0,"parent":0,"menu_order":0,"comment_status":"closed","ping_status":"closed","template":"page-templates\/page_fullwidth.php","meta":[],"_links":{"self":[{"href":"https:\/\/www.stlo.unicaen.fr\/mmi\/wp-json\/wp\/v2\/pages\/1096"}],"collection":[{"href":"https:\/\/www.stlo.unicaen.fr\/mmi\/wp-json\/wp\/v2\/pages"}],"about":[{"href":"https:\/\/www.stlo.unicaen.fr\/mmi\/wp-json\/wp\/v2\/types\/page"}],"author":[{"embeddable":true,"href":"https:\/\/www.stlo.unicaen.fr\/mmi\/wp-json\/wp\/v2\/users\/1"}],"replies":[{"embeddable":true,"href":"https:\/\/www.stlo.unicaen.fr\/mmi\/wp-json\/wp\/v2\/comments?post=1096"}],"version-history":[{"count":51,"href":"https:\/\/www.stlo.unicaen.fr\/mmi\/wp-json\/wp\/v2\/pages\/1096\/revisions"}],"predecessor-version":[{"id":2444,"href":"https:\/\/www.stlo.unicaen.fr\/mmi\/wp-json\/wp\/v2\/pages\/1096\/revisions\/2444"}],"wp:attachment":[{"href":"https:\/\/www.stlo.unicaen.fr\/mmi\/wp-json\/wp\/v2\/media?parent=1096"}],"curies":[{"name":"wp","href":"https:\/\/api.w.org\/{rel}","templated":true}]}}