{"id":1506,"date":"2016-06-11T15:41:02","date_gmt":"2016-06-11T14:41:02","guid":{"rendered":"https:\/\/www.stlo.unicaen.fr\/mmi\/?page_id=1506"},"modified":"2016-10-22T11:11:57","modified_gmt":"2016-10-22T10:11:57","slug":"mentions-legales","status":"publish","type":"page","link":"https:\/\/www.stlo.unicaen.fr\/mmi\/mentions-legales\/","title":{"rendered":"Mentions l\u00e9gales"},"content":{"rendered":"<div id=\"pl-1506\"  class=\"panel-layout\" ><div id=\"pg-1506-0\"  class=\"panel-grid panel-has-style\" ><div class=\"siteorigin-panels-stretch panel-row-style panel-row-style-for-1506-0\" style=\"color: #ffffff;padding: 15px 0; \" data-stretch-type=\"full-stretched\" data-hascolor=\"hascolor\" data-overlay=\"true\" ><div id=\"pgc-1506-0-0\"  class=\"panel-grid-cell\" ><div id=\"panel-1506-0-0-0\" class=\"so-panel widget widget_text panel-first-child panel-last-child\" data-index=\"0\" ><h3 class=\"widget-title\">Mention l\u00e9gales<\/h3>\t\t\t<div class=\"textwidget\"><\/div>\n\t\t<\/div><\/div><\/div><\/div><div id=\"pg-1506-1\"  class=\"panel-grid panel-has-style\" ><div style=\"padding: 100px 0; \" data-overlay=\"true\" class=\"panel-row-style panel-row-style-for-1506-1\" ><div id=\"pgc-1506-1-0\"  class=\"panel-grid-cell\" ><div id=\"panel-1506-1-0-0\" class=\"so-panel widget widget_sow-editor panel-first-child panel-last-child\" data-index=\"1\" ><div class=\"so-widget-sow-editor so-widget-sow-editor-base\">\n<div class=\"siteorigin-widget-tinymce textwidget\">\n\t<h3>H\u00e9bergement<\/h3>\n<p>Le site\u00a0https:\/\/www.stlo.unicaen.fr\/mmi\/ est h\u00e9berge par l'universit\u00e9 de Caen Normandie,\u00a0Esplanade de la Paix,\u00a0<br \/>CS 14032\u2028,\u00a014032 CAEN Cedex 5<\/p>\n<h3>\u00c9diteur<\/h3>\n<p>D\u00e9partement MMI de l\u2019IUT Cherbourg Manche - Site de Saint-L\u00f4, 120 Rue de l'exode , 50000 Saint-L\u00f4<\/p>\n<h3>Directeur\u00a0de la publication<\/h3>\n<p>Olivier L\u00c9ZORAY,\u00a0Chef du d\u00e9partement MMI<\/p>\n<h3>Conception du site et de son contenu<\/h3>\n<p>Olivier L\u00c9ZORAY<\/p>\n<h3>L\u00e9gislation<\/h3>\n<p>Conform\u00e9ment \u00e0 la loi n\u00b078-17 du 6 janvier 1978 relative \u00e0 l\u2019informatique, aux fichiers et aux libert\u00e9s, vous disposez d\u2019un droit d\u2019acc\u00e8s aux informations vous concernant.\u00a0<\/p>\n<p>Vous pouvez modifier ou supprimer ces informations en nous contactant@ :\u00a0<a href=\"mailto:i%75t.saint-l%6f.mmi@unica%65n%2e%66%72\">iut.saint-lo.mmi@unicaen.fr<\/a><\/p>\n<h3>Adresse :<\/h3>\n<p>D\u00e9partement MMI, IUT Cherbourg Manche<br \/>120 Rue de l'exode<br \/>50000\u00a0Saint-L\u00f4<\/p>\n<h3>Cr\u00e9dits photographiques<\/h3>\n<p>IUT Cherbourg Manche,\u00a0D\u00e9partement MMI<\/p>\n<p>Universit\u00e9 de Caen Normandie,<\/p>\n<p>Saint-L\u00f4 Agglo - Pierre-Yves LEMEUR<\/p>\n<p>Fotolia,\u00a0Shutterstock<\/p>\n<p>Nicolas Chagnon<\/p>\n<h3>Affichage<\/h3>\n<p>Ce site est compatible avec toutes les r\u00e9solutions d\u2019\u00e9cran.<\/p>\n<\/div>\n<\/div><\/div><\/div><\/div><\/div><\/div>","protected":false},"excerpt":{"rendered":"<p>H\u00e9bergementLe site\u00a0https:\/\/www.stlo.unicaen.fr\/mmi\/ est h\u00e9berge par l&rsquo;universit\u00e9 de Caen Normandie,\u00a0Esplanade de la Paix,\u00a0CS 14032\u2028,\u00a014032 CAEN Cedex 5\u00c9diteurD\u00e9partement MMI de l\u2019IUT Cherbourg Manche &#8211; Site de Saint-L\u00f4, 120 Rue de l&rsquo;exode , 50000 Saint-L\u00f4Directeur\u00a0de la publicationOlivier L\u00c9ZORAY,\u00a0Chef du d\u00e9partement MMIConception du site et de son contenuOlivier L\u00c9ZORAYL\u00e9gislationConform\u00e9ment \u00e0 la loi n\u00b078-17 du 6 janvier 1978 relative \u00e0 [&hellip;]<\/p>\n","protected":false},"author":1,"featured_media":0,"parent":0,"menu_order":0,"comment_status":"closed","ping_status":"closed","template":"","meta":[],"_links":{"self":[{"href":"https:\/\/www.stlo.unicaen.fr\/mmi\/wp-json\/wp\/v2\/pages\/1506"}],"collection":[{"href":"https:\/\/www.stlo.unicaen.fr\/mmi\/wp-json\/wp\/v2\/pages"}],"about":[{"href":"https:\/\/www.stlo.unicaen.fr\/mmi\/wp-json\/wp\/v2\/types\/page"}],"author":[{"embeddable":true,"href":"https:\/\/www.stlo.unicaen.fr\/mmi\/wp-json\/wp\/v2\/users\/1"}],"replies":[{"embeddable":true,"href":"https:\/\/www.stlo.unicaen.fr\/mmi\/wp-json\/wp\/v2\/comments?post=1506"}],"version-history":[{"count":8,"href":"https:\/\/www.stlo.unicaen.fr\/mmi\/wp-json\/wp\/v2\/pages\/1506\/revisions"}],"predecessor-version":[{"id":1894,"href":"https:\/\/www.stlo.unicaen.fr\/mmi\/wp-json\/wp\/v2\/pages\/1506\/revisions\/1894"}],"wp:attachment":[{"href":"https:\/\/www.stlo.unicaen.fr\/mmi\/wp-json\/wp\/v2\/media?parent=1506"}],"curies":[{"name":"wp","href":"https:\/\/api.w.org\/{rel}","templated":true}]}}