{"id":36,"date":"2014-05-21T20:28:42","date_gmt":"2014-05-21T19:28:42","guid":{"rendered":"http:\/\/localhost\/WordPress\/?page_id=36"},"modified":"2019-09-03T11:30:54","modified_gmt":"2019-09-03T10:30:54","slug":"contact","status":"publish","type":"page","link":"https:\/\/www.stlo.unicaen.fr\/mmi\/contact\/","title":{"rendered":"Contact"},"content":{"rendered":"<div class=\"row\">\n<div class=\"col-md-8\">\n<h2 style=\"font-weight: bold;\">Nos coordonn\u00e9es<\/h2>\n<h4>IUT Grand Ouest Normandie, Site de Saint-L\u00f4<\/h4>\n<h4>D\u00e9partement MMI (M\u00e9tiers du Multim\u00e9dia et de l&rsquo;Internet)<\/h4>\n<div class=\"textwidget\">\n<p><i class=\"fa fa-map-marker\"><\/i> Adresse: 120 Rue de l&rsquo;exode, F-50000 SAINT-L\u00d4<\/p>\n<p><i class=\"fa fa-phone\"><\/i> <i>T\u00e9l\u00e9phone<\/i>: +33(0)233771168<\/p>\n<p><i class=\"fa fa-fax\"><\/i> <i>Fax<\/i>: +33(0)233771167<\/p>\n<p><i class=\"fa fa-envelope\"><\/i> <i>E-mail<\/i>: <a href=\"mailto:i%75t.saint-l%6f.mmi@unica%65n%2e%66%72\">iut.saint-lo.mmi@unicaen.fr<\/a><\/p>\n<\/div>\n<\/div>\n<div class=\"col-md-4\"><img loading=\"lazy\" class=\"alignnone size-full wp-image-2172\" src=\"https:\/\/www.stlo.unicaen.fr\/mmi\/wp-content\/uploads\/2019\/09\/logo_IUT_GON_small.png\" alt=\"\" width=\"213\" height=\"155\" \/><br \/>\n<img src=\"https:\/\/www.stlo.unicaen.fr\/mmi\/wp-content\/uploads\/2016\/06\/mmi_horiz_violet_ecran.png\" \/><\/div>\n<\/div>\n<div class=\"row\">\n<div class=\"col-md-6\">\n<h2 style=\"font-weight: bold;\">Acc\u00e8s<\/h2>\n<\/div>\n<div class=\"col-md-6\">\n<h4>Par les lignes du r\u00e9seau Slam Bus, arr\u00eat Ferronni\u00e8re<\/h4>\n<p>Le plan du r\u00e9seau des Transports Urbains de Saint-Lo Agglo est consultable <a href=\"http:\/\/www.saint-lo-agglo.fr\/transport-urbain-de-saint-l\u00f4-agglo\" target=\"_blank\" rel=\"noopener noreferrer\">ici<\/a><\/p>\n<\/div>\n<\/div>\n<div class=\"row\">\n<div class=\"col-md-12\">\n<div><iframe class=\"gmap\" style=\"width: 110%; height: 480px; border: 0px;\" src=\"https:\/\/maps.google.fr\/maps?f=q&amp;source=s_q&amp;hl=fr&amp;geocode=&amp;q=IUT+Saint-L%C3%B4,+Esplanade+Jean+Patounas,+50000+Saint-L%C3%B4&amp;aq=&amp;sll=49.109711,-1.090554&amp;sspn=0.004734,0.009967&amp;t=h&amp;ie=UTF8&amp;hq=IUT+Saint-L%C3%B4,&amp;hnear=Esplanade+Jean+Patounas,+50000+Saint-L%C3%B4&amp;ll=49.10971,-1.090549&amp;spn=0.006295,0.006295&amp;output=embed\">&lt;br \/&gt;<br \/>\n\t\t\t\t\t<\/iframe><\/div>\n<\/div>\n<\/div>\n","protected":false},"excerpt":{"rendered":"<p>Nos coordonn\u00e9es IUT Grand Ouest Normandie, Site de Saint-L\u00f4 D\u00e9partement MMI (M\u00e9tiers du Multim\u00e9dia et de l&rsquo;Internet) Adresse: 120 Rue de l&rsquo;exode, F-50000 SAINT-L\u00d4 T\u00e9l\u00e9phone: +33(0)233771168 Fax: +33(0)233771167 E-mail: iut.saint-lo.mmi@unicaen.fr Acc\u00e8s Par les lignes du r\u00e9seau Slam Bus, arr\u00eat Ferronni\u00e8re Le plan du r\u00e9seau des Transports Urbains de Saint-Lo Agglo est consultable ici &lt;br \/&gt;<\/p>\n","protected":false},"author":1,"featured_media":0,"parent":0,"menu_order":0,"comment_status":"closed","ping_status":"open","template":"page-templates\/page_fullwidth.php","meta":[],"_links":{"self":[{"href":"https:\/\/www.stlo.unicaen.fr\/mmi\/wp-json\/wp\/v2\/pages\/36"}],"collection":[{"href":"https:\/\/www.stlo.unicaen.fr\/mmi\/wp-json\/wp\/v2\/pages"}],"about":[{"href":"https:\/\/www.stlo.unicaen.fr\/mmi\/wp-json\/wp\/v2\/types\/page"}],"author":[{"embeddable":true,"href":"https:\/\/www.stlo.unicaen.fr\/mmi\/wp-json\/wp\/v2\/users\/1"}],"replies":[{"embeddable":true,"href":"https:\/\/www.stlo.unicaen.fr\/mmi\/wp-json\/wp\/v2\/comments?post=36"}],"version-history":[{"count":44,"href":"https:\/\/www.stlo.unicaen.fr\/mmi\/wp-json\/wp\/v2\/pages\/36\/revisions"}],"predecessor-version":[{"id":2185,"href":"https:\/\/www.stlo.unicaen.fr\/mmi\/wp-json\/wp\/v2\/pages\/36\/revisions\/2185"}],"wp:attachment":[{"href":"https:\/\/www.stlo.unicaen.fr\/mmi\/wp-json\/wp\/v2\/media?parent=36"}],"curies":[{"name":"wp","href":"https:\/\/api.w.org\/{rel}","templated":true}]}}